the tens digit of x?
2
Let v(s) = 1590*s - 4*s**2 - 1581*s - 18 + s**3 - 9*s**2. Suppose 0 = l + 4*l - 65. What is the tens digit of v(l)?
9
Suppose 194*m - 204*m + 46350 = 0. Suppose 0 = 4*q - 3293 - m. What is the hundreds digit of q?
9
Let z(k) = -k**2 - 11*k - 13. Let i be z(-2). Suppose 812 + 553 = i*o. What is the hundreds digit of o?
2
Suppose -26*s = 5*b - 23*s - 119148, 4*b - 95320 = -4*s. What is the tens digit of b?
2
Let c(o) = -2*o**3 + 85*o**2 - 70*o + 472. What is the hundreds digit of c(37)?
9
Suppose 11 = 3*y - 7. Suppose 3*c = 0, 3*r - y*c = -2*c + 3. Suppose 2*g - r = 41. What is the tens digit of g?
2
Let c be 430/9 - ((-6)/27)/1. What is the hundreds digit of 131 + (-6)/c*-8?
1
Suppose b - 11*j + 16*j = 5506, 2*b + 5*j = 10992. What is the hundreds digit of b?
4
Let n = 45 + -45. Let k = -145 + 147. Suppose n = -4*b + k*i + 572, 2*i + 12 = 5*i. What is the hundreds digit of b?
1
Suppose 4059 = 6*y - 2685. Let o = 2112 - y. What is the units digit of o?
8
Let c = 61 - 49. Let s be (44/c - 4)*-3. What is the tens digit of s - (-92 + -2 + -1)?
9
What is the units digit of (-108235)/(-15) + -5*12/90?
5
Suppose -3*s + s - 2*d + 6 = 0, 4*d - 15 = -5*s. Let i(t) = t**3 - 2*t**2 + 6*t - 6. Let f be i(s). Let q = 50 + f. What is the tens digit of q?
7
Let q(a) = -a**2 - 34*a - 59. Let i be (2/3)/((-980)/195 - -5). What is the hundreds digit of q(i)?
1
Suppose -336656 = 18*o - 80*o + 102366. What is the units digit of o?
1
Suppose 4*y - 48 = 10*y. Let l(i) = -i**3 - 7*i**2 + 9*i + 12. Let s be l(y). What is the units digit of (2/(-4))/1*(s + -82)?
9
What is the tens digit of 24063*((-9)/6 - 13/(-6))?
4
Let s(f) = -2*f**3 + 10*f**2 + 12*f. Let n be s(6). Suppose v = -n*v + 523. What is the units digit of v?
3
Let f = 4506 - 2102. What is the units digit of f?
4
Suppose -2*o + o = 4*r + 1920, -4*o + r = 7731. What is the hundreds digit of ((-15)/(-2))/((-42)/o)?
3
Let y = 143 + -153. What is the units digit of (1 - (-24)/(-20)) + (-1662)/y?
6
Let i(a) = -5*a - 5*a**2 - 4*a - 8*a. Let y(v) = 10*v**2 + 33*v. Let f(x) = 5*i(x) + 3*y(x). What is the tens digit of f(-6)?
9
Suppose 2*q + 8 = -3*h, 2*h = 5*q + 12 + 8. Let c be (-22065)/(-75) - 4/(-5). Suppose a + 110 - c = h. What is the units digit of a?
5
Suppose d + 10*o - 11*o - 3 = 0, 3*d = 5*o + 19. What is the tens digit of (3/(6/d))/((-2)/178)?
8
Let o = 224 - 120. Suppose 0*j - 3*j = -135. Let l = o - j. What is the units digit of l?
9
Let p(w) = -w**3 + w + 1. Let l(g) = -5*g**3 - 28*g**2 - 31*g + 59. Let d(s) = -l(s) + 4*p(s). What is the units digit of d(-26)?
7
Suppose -147*m = -30*m - 3649932. What is the ten thousands digit of m?
3
Suppose -11*i = 12*i + 5428. Let s = 254 + i. What is the units digit of s?
8
Suppose -2*h - 2*h - 19 = l, 0 = l - 3*h - 9. Let p(f) = -241*f - 6. What is the units digit of p(l)?
7
Let d(a) = 24*a + 12 - 28*a - 2. Let y be d(1). Let c(n) = 24*n - 1. What is the units digit of c(y)?
3
Let z = -8255 + 18288. What is the ten thousands digit of z?
1
Suppose -2782 = -n + 3*o + 3141, 5*o + 106565 = 18*n. What is the tens digit of n?
2
Let r = -29623 - -44118. What is the tens digit of r?
9
Let t be 2/2*(-26 - -26). Suppose 5*s - 4461 + 741 = t. What is the units digit of s?
4
Let m(n) = 3*n**2 - 483*n - 570. What is the hundreds digit of m(185)?
7
Let s = 29565 + 7287. What is the hundreds digit of s?
8
Let f be ((-4)/5)/(3/(-15)). Let z(l) = -31*l**2 - 197*l + 4. Let c be z(-5). Suppose -f*n - 560 = -2*s - c, 0 = -2*n + 6. What is the tens digit of s?
7
Suppose -68 = -16*s - s. What is the hundreds digit of (0 - s/30) + 15364/30?
5
Suppose 3*c + 305 + 55 = -2*m, 0 = -4*c + 4*m - 460. Let b = 816 - c. What is the hundreds digit of b?
9
What is the ten thousands digit of (12/15)/(170/4075750)?
1
Suppose 4*n + 3*x - x - 10 = 0, 4*n = -3*x + 11. Suppose -l + 706 = 3*f, -n*l + f + 714 = -l. What is the tens digit of l?
1
Suppose -m - m - 4*n = -31776, 4*m - 2*n - 63512 = 0. What is the tens digit of m?
8
Suppose -5*k = -90 - 85. Let l = k - 44. Let q(j) = j**3 + 9*j**2 - j - 2. What is the units digit of q(l)?
7
Let n = 10603 + -581. What is the thousands digit of n?
0
Suppose 3*y + 79*v + 469 = 81*v, v + 158 = -y. Let o = y - -679. What is the units digit of o?
2
Let r be 2 - (-725)/(-7) - 32/(-56). Let k = 393 - r. What is the hundreds digit of k?
4
Let z be (7 + 2*-1)*3264/(-20). What is the hundreds digit of (-17)/(5 + z/162)?
4
Suppose -12*m + 145 = -35. Suppose m*p = 140 + 4015. What is the units digit of p?
7
Suppose -7418 + 698 = -14*n. Let x = n - 80. What is the hundreds digit of x?
4
Suppose 0 = -2*x - 3*y + 327 - 980, 2*x = -y - 655. Let p = x + 563. What is the units digit of p?
5
What is the ten thousands digit of (-268)/402 + (-84160)/(-6)?
1
Suppose 4*s - 105 = 199. Let v = 155 - s. Let y = v + 11. What is the units digit of y?
0
Let s(q) = -q - 10. Let i be s(-7). Let n be 1 + (2 - i/3). Suppose -3*t + 146 = 6*j - n*j, -j + t = -68. What is the units digit of j?
0
Suppose 0 = 168*t + 175*t - 120*t - 2201233. What is the tens digit of t?
7
Let f(k) = -2*k**3 + 11*k**2 - 9*k + 24. Let h be f(5). Suppose -4*q = 2*b - 1036, -h*q + 5*b - 748 + 1812 = 0. What is the hundreds digit of q?
2
Let i(v) = v**2 - 13*v + 8. Let h be i(13). What is the tens digit of (0 - -151) + (h - 9)?
5
Suppose -71*h + 70*h + 5*j + 26716 = 0, -106744 = -4*h - 4*j. Suppose -58*y + h = -17*y. What is the hundreds digit of y?
6
Let d(x) = 2*x**3 + 33*x**2 + 17*x - 8. Let a be d(-16). Let w be (5/10)/((-3)/a). What is the units digit of ((-24)/(-3))/w - -2?
4
Let h be 1*35 - (13 + -15). Suppose -2*v = v + 5*a - h, v - 5*a + 1 = 0. What is the units digit of ((-3)/2)/(v/816*-1)?
6
Suppose -5*t = 1139 + 171. Let z be (6 + -74)*(-13 - (-8 - -1)). Let o = z + t. What is the tens digit of o?
4
Let z(b) = -2*b**3 + 6*b**2 - 247*b + 35. What is the tens digit of z(-19)?
1
Let n = -100 - -105. Suppose -n*g - l = -162, -72 = -0*g - 2*g + 2*l. Let i = g + 16. What is the units digit of i?
9
What is the hundreds digit of ((-2463)/(-5))/((-843)/(-2810))?
6
Suppose 2*w = -0*r - 3*r + 183, -4*r = -w + 97. Let y = -90 + w. Suppose 6 = -2*c, -4*z + y*c + 307 + 290 = 0. What is the hundreds digit of z?
1
Suppose 19*b - 241945 = -65*b + 97667. What is the units digit of b?
3
What is the thousands digit of 1 - (-775 + 805)*(0 - -1)*-898?
6
Let c(j) = 4*j - 36. Let x be c(9). Suppose x = -57*t + 62*t - 45. What is the units digit of 96 + -3*6/t?
4
Let s = -80 + 61. Suppose 0 = 8*u + 3*u - 1419. Let a = u + s. What is the units digit of a?
0
Let c(u) = -u**2 + 8*u - 13. Let h be c(5). Let g be h*(-5 - (-13)/2). What is the tens digit of g*3/(18/128)?
6
Let h(m) = -m**3 - m**2 + m + 1. Let f be h(-2). Let a be 43 - -1 - -1 - 3. Suppose 4*n = v + 74, -3*n + f*v + a = -n. What is the units digit of n?
8
Let l(s) = s**2 - 7*s + 10. Let u be l(5). Let p = u + 113. Let y = 192 - p. What is the tens digit of y?
7
Let p = -347 + 390. Suppose 41*t - p*t = -2182. What is the units digit of t?
1
Let j(z) = -3*z + 88. Let i be j(28). Suppose 3*l = t - 3, 0*t = -i*t + 4*l + 52. What is the tens digit of (13*t/5)/(9/30)?
5
What is the thousands digit of ((-2430)/40 - 12)*((-329)/3 - 1)?
8
Let c(a) = 956*a + 326. What is the ten thousands digit of c(15)?
1
Let g be (-658)/(-8) + (-1)/4. Suppose w - 1 - 22 = -2*j, 3*w - 59 = -8*j. Let a = g - w. What is the units digit of a?
9
Let q(c) = -3*c - 19. Suppose f = -5*p - 20, -17 = 4*p - f + 8. Let y be 2*p - (9/(-3) + 6). What is the tens digit of q(y)?
2
Suppose -4*j + 0*j - 912 = -2*a, -10 = -5*j. Suppose 2*m + 4*p - 534 = 0, -3*p + a + 613 = 4*m. What is the tens digit of m?
6
Let j(b) = -b**3 - 8*b**2 + b + 16. Let l be j(-6). Let d = -59 - l. Suppose -d*w - 20 = -713. What is the tens digit of w?
3
Suppose 2*t + 1667 = 3*p + 548, -1119 = -3*p + 5*t. Let d = 156 + 124. Suppose 6*i - 2*i - p = r, 3*i - r = d. What is the units digit of i?
3
Let k(j) = -9*j + 7. Let h be k(-5). What is the hundreds digit of 2012/6*13/(h/6)?
5
Suppose -2*u - 4*j + 10248 = 0, -6*u + 6*j = -5*u - 5124. What is the tens digit of u?
2
Let u(t) = -t**2 - 14*t + 11. Let c be u(-7). Let h be c/(-18)*(-9)/6. Suppose 2*z - h*l = -0*z + 157, -2*l = 6. What is the tens digit of z?
7
Su